s -10 (base 3) in base 10?
-3
4 (base 7) to base 5
4
Convert 11110 (base 2) to base 5.
110
What is 8 (base 12) in base 5?
13
What is 21 (base 4) in base 3?
100
15 (base 7) to base 5
22
-1 (base 13) to base 10
-1
13 (base 4) to base 11
7
-164 (base 9) to base 3
-12011
c (base 14) to base 9
13
Convert 2 (base 12) to base 15.
2
13 (base 14) to base 3
122
What is -8d (base 14) in base 11?
-104
What is 7 (base 10) in base 15?
7
Convert -a0 (base 15) to base 11.
-127
Convert 4 (base 15) to base 14.
4
What is 43 (base 7) in base 15?
21
Convert -7 (base 15) to base 6.
-11
Convert 20 (base 12) to base 6.
40
Convert -2 (base 9) to base 15.
-2
Convert 12a (base 12) to base 2.
10110010
Convert 4 (base 16) to base 11.
4
What is 18 (base 12) in base 9?
22
-205 (base 6) to base 16
-4d
What is -5 (base 12) in base 15?
-5
-212 (base 3) to base 13
-1a
-55 (base 7) to base 8
-50
What is 53 (base 8) in base 12?
37
-13 (base 5) to base 13
-8
What is 10 (base 2) in base 13?
2
-120 (base 4) to base 11
-22
Convert 3 (base 4) to base 15.
3
-431 (base 5) to base 15
-7b
Convert -15 (base 7) to base 16.
-c
Convert 131 (base 7) to base 4.
1013
13 (base 7) to base 9
11
3 (base 15) to base 14
3
2c (base 14) to base 11
37
Convert 101011 (base 2) to base 16.
2b
-3b (base 12) to base 8
-57
Convert 2b (base 12) to base 5.
120
What is 301 (base 8) in base 11?
166
What is 12 (base 10) in base 9?
13
What is 4 (base 12) in base 13?
4
-57 (base 11) to base 9
-68
Convert -10 (base 6) to base 5.
-11
-81 (base 12) to base 9
-117
What is 6c (base 13) in base 5?
330
Convert -a (base 15) to base 2.
-1010
What is -180 (base 9) in base 14?
-ad
What is -6 (base 9) in base 12?
-6
What is 2 (base 7) in base 13?
2
19 (base 13) to base 6
34
Convert 2 (base 3) to base 8.
2
What is -3 (base 10) in base 15?
-3
Convert 8 (base 14) to base 7.
11
Convert af (base 16) to base 7.
340
What is -13 (base 9) in base 2?
-1100
-22 (base 5) to base 12
-10
Convert 2023 (base 4) to base 12.
b7
Convert -2 (base 7) to base 16.
-2
Convert a9 (base 15) to base 3.
12220
What is -41 (base 10) in base 7?
-56
What is 12 (base 4) in base 8?
6
Convert -9 (base 15) to base 2.
-1001
Convert -1 (base 8) to base 2.
-1
Convert -110 (base 9) to base 3.
-10100
Convert 134 (base 7) to base 16.
4a
Convert -1112 (base 3) to base 14.
-2d
What is 0 (base 10) in base 2?
0
What is 4 (base 15) in base 6?
4
-111 (base 2) to base 6
-11
-1 (base 15) to base 2
-1
What is -1 (base 15) in base 4?
-1
Convert -35 (base 15) to base 5.
-200
1e (base 15) to base 14
21
What is -5 (base 9) in base 15?
-5
What is -55 (base 10) in base 4?
-313
Convert 62 (base 7) to base 11.
40
-10 (base 12) to base 4
-30
Convert -128 (base 10) to base 14.
-92
What is -1122 (base 4) in base 14?
-66
0 (base 8) to base 10
0
-21 (base 10) to base 14
-17
10 (base 12) to base 4
30
Convert 2 (base 15) to base 5.
2
-3 (base 7) to base 12
-3
Convert -142 (base 12) to base 9.
-235
3 (base 11) to base 14
3
Convert 6 (base 14) to base 15.
6
Convert 3 (base 14) to base 15.
3
Convert -2 (base 6) to base 2.
-10
0 (base 8) to base 16
0
Convert -2 (base 3) to base 14.
-2
Convert -5 (base 9) to base 3.
-12
Convert -1 (base 3) to base 2.
-1
Convert -4 (base 14) to base 10.
-4
Convert -2 (base 3) to base 15.
-2
What is 110 (base 3) in base 7?
15
101 (base 3) to base 15
a
What is 5 (base 13) in base 7?
5
What is 36 (base 12) in base 13?
33
2 (base 5) to base 11
2
Convert -27 (base 11) to base 3.
-1002
Convert 18 (base 13) to base 10.
21
Convert 3 (base 12) to base 2.
11
4 (base 8) to base 16
4
Convert -4 (base 7) to base 3.
-11
Convert -1 (base 15) to base 12.
-1
-100110 (base 2) to base 3
-1102
Convert -4 (base 15) to base 14.
-4
What is 4 (base 14) in base 16?
4
What is -9 (base 14) in base 3?
-100
-2 (base 11) to base 14
-2
0 (base 16) to base 14
0
What is -12 (base 11) in base 8?
-15
Convert -25 (base 8) to base 14.
-17
315 (base 6) to base 11
a9
-102 (base 3) to base 15
-b
-43 (base 16) to base 3
-2111
Convert -11 (base 2) to base 9.
-3
What is 3 (base 13) in base 4?
3
What is -1011 (base 5) in base 2?
-10000011
What is -c7 (base 15) in base 16?
-bb
Convert -79 (base 12) to base 14.
-69
Convert -1 (base 5) to base 16.
-1
Convert 5 (base 14) to base 9.
5
Convert -56 (base 12) to base 14.
-4a
What is -10110110 (base 2) in base 4?
-2312
-2 (base 13) to base 3
-2
What is -110 (base 5) in base 16?
-1e
Convert 5 (base 6) to base 14.
5
Convert 1010 (base 2) to base 8.
12
Convert -e (base 15) to base 9.
-15
Convert -1010 (base 3) to base 14.
-22
3 (base 15) to base 4
3
a (base 11) to base 12
a
2 (base 15) to base 9
2
What is -3a (base 16) in base 11?
-53
Convert 4 (base 16) to base 7.
4
Convert 412 (base 5) to base 15.
72
-15 (base 8) to base 13
-10
Convert -30 (base 6) to base 9.
-20
Convert -4 (base 16) to base 14.
-4
1101 (base 2) to base 9
14
What is -110011 (base 2) in base 12?
-43
Convert 6 (base 9) to base 15.
6
Convert -4 (base 6) to base 3.
-11
Convert 122 (base 10) to base 3.
11112
What is 1130 (base 4) in base 12?
78
Convert -c1 (base 13) to base 10.
-157
Convert -22 (base 4) to base 6.
-14
20 (base 16) to base 11
2a
What is 3 (base 4) in base 12?
3
49 (base 13) to base 12
51
100 (base 2) to base 16
4
Convert -12222 (base 3) to base 6.
-425
What is 42 (base 5) in base 9?
24
Convert 7 (base 8) to base 3.
21
100 (base 3) to base 5
14
Convert 320 (base 4) to base 8.
70
Convert 23 (base 13) to base 11.
27
-101 (base 2) to base 15
-5
-11 (base 3) to base 11
-4
What is -352 (base 7) in base 9?
-224
4 (base 13) to base 8
4
What is -3 (base 5) in base 4?
-3
What is -12 (base 5) in base 2?
-111
-2 (base 8) to base 7
-2
What is 98 (base 10) in base 7?
200
-1 (base 11) to base 6
-1
What is 3c (base 13) in base 11?
47
Convert 30 (base 11) to base 10.
33
c (base 16) to base 7
15
What is 2d (base 16) in base 11?
41
-9 (base 10) to base 7
-12
What is 14 (base 13) in base 6?
25
Convert -31 (base 6) to base 8.
-23
-101 (base 2) to base 11
-5
Convert 6c (base 14) to base 4.
1200
Convert -2a (base 11) to base 2.
-100000
What is -30 (base 9) in base 6?
-43
Convert 5 (base 10) to base 5.
10
What is 1 (base 16) in base 8?
1
Convert 4 (base 15) to base 11.
4
-20 (base 3) to base 16
-6
Convert 22 (base 13) to base 9.
31
7 (base 11) to base 7
10
Convert 6 (base 9) to base 8.
6
-3 (base 15) to base 10
-3
-10 (base 4) to base 11
-4
What is 100 (base 2) in base 13?
4
Convert -1 (base 10) to base 12.
-1
What is -1 (base 5) in base 9?
-1
What is 12 (base 8) in base 5?
20
Convert 49 (base 13) to base 16.
3d
Convert 143 (base 5) to base 8.
60
-302 (base 5) to base 13
-5c
1 (base 11) to base 5
1
24 (base 5) to base 9
15
-3 (base 4) to base 2
-11
What is -6 (base 9) in base 3?
-20
Convert 5 (base 15) to base 9.
5
What is -5 (base 11) in base 3?
-12
What is -114 (base 6) in base 7?
-64
Convert 22 (base 3) to base 14.
8
-100 (base 2) to base 14
-4
Convert 2 (base 6) to base 10.
2
What is 10 (base 3) in base 6?
3
Convert -45 (base 14) to base 15.
-41
Convert -11 (base 7) to base 13.
-8
-100000 (base 2) to base 14
-24
What is -57 (base 13) in base 6?
-200
What is 4 (base 6) in base 13?
4
Convert -37 (base 11) to base 3.
-1111
Convert -4 (base 7) to base 8.
-4
134 (base 7) to base 11
68
1251 (base 6) to base 2
100111111
Convert 1 (base 7) to base 6.
1
What is 366 (base 7) in base 15?
d0
-1144 (base 6) to base 10
-280
What is 202 (base 3) in base 7?
26
What is 7 (base 9) in base 4?
13
4d (base 14) to base 8
105
Convert 24 (base 12) to base 16.
1c
Convert -15 (base 12) to base 11.
-16
What is -38 (base 14) in base 15?
-35
-111 (base 2) to base 11
-7
Convert 8 (base 13) to base 11.
8
17 (base 15) to base 16
16
What is 34 (base 5) in base 2?
10011
Convert -2 (base 14) to base 16.
-2
Convert 162 (base 9) to base 15.
92
Convert 3 (base 11) to base 13.
3
Convert 2 (base 15) to base 2.
10
What is 1 (base 15) in base 2?
1
-28 (base 15) to base 10
-38
What is 0 (base 6) in base 3?
0
What is -11 (base 3) in base 12?
-4
-1 (base 16) to base 14
-1
Convert -1 (base 4) to base 14.
-1
What is -70 (base 14) in base 13?
-77
Convert -10 (base 8) to base 5.
-13
What is 35 (base 7) in base 8?
32
-5 (base 6) to base 7
-5
2 (base 5) to base 2
10
-12100 (base 3) to base 9
-170
-24 (base 10) to base 12
-20
1 (base 15) to base 10
1
Conver